{"id":1096,"date":"2016-07-05T08:35:48","date_gmt":"2016-07-05T07:35:48","guid":{"rendered":"http:\/\/la-licorne-a-lunettes.fr\/?page_id=1096"},"modified":"2018-10-31T15:09:19","modified_gmt":"2018-10-31T14:09:19","slug":"licoloriages","status":"publish","type":"page","link":"https:\/\/la-licorne-a-lunettes.fr\/index.php\/licoloriages\/","title":{"rendered":"Licoloriages"},"content":{"rendered":"<p><strong>\u00c0 vous de jouer et d&rsquo;en faire voir de toutes les couleurs \u00e0 La Licorne \u00e0 Lunettes ! <\/strong><\/p>\n<p><strong>Envoyez-moi vos dessin \u00e0 &nbsp;<a href=\"mailto:contact@la-licorne-a-lunettes.fr\">contact@la-licorne-a-lunettes.fr<\/a> : le plus beau sera publi\u00e9 sur le Blog.<\/strong><\/p>\n<p><strong>\u00c0 vos marques, pr\u00eats, coloriez&nbsp;!<\/strong><\/p>\n<p>&nbsp;<\/p>\n<p><a href=\"http:\/\/la-licorne-a-lunettes.fr\/wp-content\/uploads\/2016\/07\/Licoloriage-Bonne-Anne\u0301e-2018.jpg\" data-lightbox=\"gal[1096]\" target=\"_blank\" rel=\"noopener\">T\u00e9l\u00e9charger le Licoloriage Bonne Ann\u00e9e 2018 ci-dessous<\/a> :&nbsp;<\/p>\n<figure id=\"attachment_3625\" aria-describedby=\"caption-attachment-3625\" style=\"width: 661px\" class=\"wp-caption alignleft\"><img loading=\"lazy\" class=\"wp-image-3625 \" src=\"http:\/\/la-licorne-a-lunettes.fr\/wp-content\/uploads\/2016\/07\/Licoloriage-Bonne-Anne\u0301e-2018.jpg\" alt=\"\" width=\"661\" height=\"522\" srcset=\"https:\/\/la-licorne-a-lunettes.fr\/wp-content\/uploads\/2016\/07\/Licoloriage-Bonne-Anne\u0301e-2018.jpg 3595w, https:\/\/la-licorne-a-lunettes.fr\/wp-content\/uploads\/2016\/07\/Licoloriage-Bonne-Anne\u0301e-2018-300x237.jpg 300w, https:\/\/la-licorne-a-lunettes.fr\/wp-content\/uploads\/2016\/07\/Licoloriage-Bonne-Anne\u0301e-2018-768x607.jpg 768w, https:\/\/la-licorne-a-lunettes.fr\/wp-content\/uploads\/2016\/07\/Licoloriage-Bonne-Anne\u0301e-2018-1024x810.jpg 1024w\" sizes=\"(max-width: 661px) 100vw, 661px\" \/><figcaption id=\"caption-attachment-3625\" class=\"wp-caption-text\">(c) Bix.dessine<\/figcaption><\/figure>\n<p>&nbsp;<\/p>\n<p>&nbsp;<\/p>\n<p>&nbsp;<\/p>\n<p>&nbsp;<\/p>\n<p>&nbsp;<\/p>\n<p>&nbsp;<\/p>\n<hr>\n<p>T\u00e9l\u00e9charger le Licoloriage Halloween ci-dessous :<\/p>\n<p>&nbsp;<\/p>\n<p>&nbsp;<\/p>\n<p>&nbsp;<\/p>\n<p>&nbsp;<\/p>\n<p>&nbsp;<\/p>\n<hr>\n<figure id=\"attachment_1535\" aria-describedby=\"caption-attachment-1535\" style=\"width: 1516px\" class=\"wp-caption aligncenter\"><img loading=\"lazy\" class=\"wp-image-1535 size-full\" src=\"http:\/\/la-licorne-a-lunettes.fr\/wp-content\/uploads\/2016\/07\/Licoloriage-Halloween.jpg\" alt=\"\" width=\"1516\" height=\"1141\" srcset=\"https:\/\/la-licorne-a-lunettes.fr\/wp-content\/uploads\/2016\/07\/Licoloriage-Halloween.jpg 1516w, https:\/\/la-licorne-a-lunettes.fr\/wp-content\/uploads\/2016\/07\/Licoloriage-Halloween-300x226.jpg 300w, https:\/\/la-licorne-a-lunettes.fr\/wp-content\/uploads\/2016\/07\/Licoloriage-Halloween-768x578.jpg 768w, https:\/\/la-licorne-a-lunettes.fr\/wp-content\/uploads\/2016\/07\/Licoloriage-Halloween-1024x771.jpg 1024w\" sizes=\"(max-width: 1516px) 100vw, 1516px\" \/><figcaption id=\"caption-attachment-1535\" class=\"wp-caption-text\">(c) BIX<\/figcaption><\/figure>\n<p><a href=\"http:\/\/la-licorne-a-lunettes.fr\/wp-content\/uploads\/2016\/07\/Licoloriage-01.jpg\" data-lightbox=\"gal[1096]\" target=\"_blank\" rel=\"noopener\">T\u00e9l\u00e9charger&nbsp;le Licoloriage ci-dessous<\/a> :<\/p>\n<p><img loading=\"lazy\" class=\"alignleft wp-image-1097 \" src=\"http:\/\/la-licorne-a-lunettes.fr\/wp-content\/uploads\/2016\/07\/Licoloriage-01.jpg\" alt=\"Licoloriage-01\" width=\"536\" height=\"379\" srcset=\"https:\/\/la-licorne-a-lunettes.fr\/wp-content\/uploads\/2016\/07\/Licoloriage-01.jpg 842w, https:\/\/la-licorne-a-lunettes.fr\/wp-content\/uploads\/2016\/07\/Licoloriage-01-300x212.jpg 300w, https:\/\/la-licorne-a-lunettes.fr\/wp-content\/uploads\/2016\/07\/Licoloriage-01-768x543.jpg 768w\" sizes=\"(max-width: 536px) 100vw, 536px\" \/><\/p>\n","protected":false},"excerpt":{"rendered":"<p>\u00c0 vous de jouer et d&rsquo;en faire voir de toutes les couleurs \u00e0 La Licorne \u00e0 Lunettes ! Envoyez-moi vos dessin \u00e0 &nbsp;contact@la-licorne-a-lunettes.fr : le plus beau sera publi\u00e9 sur le Blog. \u00c0 vos marques, pr\u00eats, coloriez&nbsp;! &nbsp; T\u00e9l\u00e9charger le Licoloriage Bonne Ann\u00e9e 2018 ci-dessous :&nbsp; &nbsp; &nbsp; &nbsp; &nbsp; &nbsp; &nbsp; T\u00e9l\u00e9charger le Licoloriage [&hellip;]<\/p>\n","protected":false},"author":1,"featured_media":0,"parent":0,"menu_order":3,"comment_status":"closed","ping_status":"closed","template":"","meta":{"ngg_post_thumbnail":0},"_links":{"self":[{"href":"https:\/\/la-licorne-a-lunettes.fr\/index.php\/wp-json\/wp\/v2\/pages\/1096"}],"collection":[{"href":"https:\/\/la-licorne-a-lunettes.fr\/index.php\/wp-json\/wp\/v2\/pages"}],"about":[{"href":"https:\/\/la-licorne-a-lunettes.fr\/index.php\/wp-json\/wp\/v2\/types\/page"}],"author":[{"embeddable":true,"href":"https:\/\/la-licorne-a-lunettes.fr\/index.php\/wp-json\/wp\/v2\/users\/1"}],"replies":[{"embeddable":true,"href":"https:\/\/la-licorne-a-lunettes.fr\/index.php\/wp-json\/wp\/v2\/comments?post=1096"}],"version-history":[{"count":24,"href":"https:\/\/la-licorne-a-lunettes.fr\/index.php\/wp-json\/wp\/v2\/pages\/1096\/revisions"}],"predecessor-version":[{"id":4882,"href":"https:\/\/la-licorne-a-lunettes.fr\/index.php\/wp-json\/wp\/v2\/pages\/1096\/revisions\/4882"}],"wp:attachment":[{"href":"https:\/\/la-licorne-a-lunettes.fr\/index.php\/wp-json\/wp\/v2\/media?parent=1096"}],"curies":[{"name":"wp","href":"https:\/\/api.w.org\/{rel}","templated":true}]}}